+ 0. Determine g(w).
0
Let i(y) be the third derivative of -y**6/120 - y**5/15 + y**4/12 + y**3/6 + 30*y**2. Give i(-5).
16
Let s(l) be the second derivative of l**4/12 + 3*l**3/2 - 9*l**2/2 - 8*l - 4. Give s(-8).
-17
Let o(g) = -2*g + 4. Let n = 13 + -6. Suppose -4*i + 5 + n = 0. Determine o(i).
-2
Let p(v) = -2*v**3 + 2*v**2 - v. Let h = 26 + -23. Suppose 5*r + l = 3, r + 2*l + 0*l = -h. Calculate p(r).
-1
Let r(c) = -c**3 - 2*c**2 + 2 + c**2 + 0*c**2 + 3*c**2 + 3*c. Let g = -54 + 59. Suppose -3*u - 2*m = 1, 0 = -u - 4*m + g - 22. Calculate r(u).
2
Let n = -3 + 2. Let t(d) be the first derivative of 3*d**4/2 + d**3/3 + d**2/2 + 12. Determine t(n).
-6
Let p(o) = -o**2 - 2*o + 4. Let z be 3/(-12)*-8 - -1*10. Let x be 0 - (28/z - (-2)/3). Calculate p(x).
1
Let w be 9/6 + 22/4. Suppose -6 = -w*q + 4*q. Suppose q*c = 8*c + 12. Let h(z) = -2*z**3 - 2*z**2 - z - 1. What is h(c)?
9
Let m be (-30)/20*(-4)/3. Suppose 5*f = 3*o - 1, -o + 3*o + 10 = -m*f. Let j(n) be the second derivative of -n**4/12 - 2*n**3/3 - n**2 + 3*n. What is j(o)?
1
Let h = 6 + 2. Suppose 0*a + 2*a - h = 0. Let x(z) = -z - 2. Determine x(a).
-6
Let n be ((-1)/(-2))/(2/(-37 - 3)). Let d = 8 + n. Let x(b) = b**3 + b**2 - 2*b - 1. Give x(d).
-1
Let x(v) = 2*v - 2. Let f be (-5)/(10/4) - (-12)/3. Let r be f*-1 - (2 + -6). Give x(r).
2
Let v(t) = t**2 + 3*t - 4. Let y be v(-5). Let d = -7 - 3. Let b be (-2)/3 - d/y. Let p(z) = 13*z**3 - z + 1. Give p(b).
13
Let f(w) be the first derivative of 46 - 3/2*w**2 + 0*w. Give f(7).
-21
Let u(i) = i**2 - i. Let g = -3 - -1. Determine u(g).
6
Let g(a) = a**3 + 11*a**2 - a - 7. Suppose 0 = 16*c + 9*c + 275. Determine g(c).
4
Let g(t) = t + 15. Let j be -4 + 7 + 2 + (-88)/2. Let k = -49 - j. Give g(k).
5
Let k(g) = g**2. Let q(h) = -h**3 + 8*h**2 - 3*h + 4. Let u be q(7). Suppose 4*f - u - 16 = 0. Let d = 10 - f. Give k(d).
4
Let v(w) be the first derivative of -w**4/4 - 4*w**3 + w**2 + 2*w - 249. Determine v(-12).
-22
Let j(i) = -2*i**2 - 2*i - 10. Suppose 5*y + 3 + 12 = 0. Let o(k) = k**2 + 3*k + 9. Let r(u) = y*o(u) - 2*j(u). Determine r(6).
-1
Let t(q) = q**3 + 6*q**2 + 4*q + 3. Suppose -4*y + 5*y = -4*m + 21, -2*m - 3*y + 13 = 0. Let u(v) = -8*v + 35. Let i be u(m). Determine t(i).
8
Suppose 5*u = 7*u - 16. Suppose -5*h = -4*x - 44, 0*x + u = -2*x - h. Let d(a) = -a**2 - 5*a + 2. Calculate d(x).
-4
Suppose 4*v = -0*w + 5*w - 303, 230 = 4*w + 3*v. Let i = -56 + w. Let q(z) be the second derivative of 2*z**3/3 - 2*z**2 + 2*z. Determine q(i).
8
Let p(r) = 1355*r - 1357*r + 5 + 2. Let f = -8 - -14. What is p(f)?
-5
Let b(n) = -n**2 + 7*n - 6. Let r be b(6). Let f(d) be the second derivative of d**4/12 - d**3/6 - 3*d**2 + 2*d. What is f(r)?
-6
Let c(b) = 3*b**2 - b - 1. Let j(d) = -d + 5. Let s be (-4)/18*(-14 - -5). Let k be s*2/(-4)*-6. Let g be j(k). What is c(g)?
3
Suppose -61*s + 27 = -52*s. Let i(v) = -v**3 + 2*v**2 + 2*v + 2. Calculate i(s).
-1
Let o = 12 + -11. Let d(t) be the first derivative of t**5/20 - t**3/6 + t**2/2 - 3*t - 4. Let a(r) be the first derivative of d(r). Calculate a(o).
1
Let i(f) = -282*f + 290*f - 99 + 8. Let b be i(11). Let q(t) be the second derivative of -5*t**3/6 - 2*t**2 - t. What is q(b)?
11
Let w(c) = c**3 + 2*c**2 + 3*c + 2. Let x = 621 - 624. Determine w(x).
-16
Let l = -156 + 147. Let j(b) = b**2 + 11*b + 4. Determine j(l).
-14
Let i(t) = -t**3 + t**2 - t + 1. Let d be i(2). Let f be 2/d + 32/5. Let o(s) = -s**3 + 6*s**2 + s - 4. What is o(f)?
2
Suppose -16 = -3*k - 2*t, -2*k = k - 5*t + 19. Suppose -5*h + 5 = -4*a, 0 = -0*a + 2*a - k*h + 2. Let g(c) = c + 0*c + 5 + 3. Determine g(a).
8
Let j(i) = 14*i - 8. Let o(m) = -10*m + 8. Let n(t) = 2*j(t) + 3*o(t). Calculate n(3).
2
Let m(d) = d**3 - 4*d**2 + d + 3. Let r(t) be the second derivative of t**5/20 + t**4 + 10*t**3/3 + 2*t**2 - 2*t. Let j be r(-10). What is m(j)?
7
Suppose 2*a = 10 + 34. Suppose -17 = -3*y + a. Let f(w) = -5*w + 18 - y - 8 - w**2. Determine f(-5).
-3
Let z(f) be the first derivative of 2*f**3 - 3*f**2/2 + f + 342. Calculate z(2).
19
Let o(q) = 1 + 20*q + 1 + 25*q - 48*q. Suppose -4*j - 10 = -2*g, 0 = g - 6*g + 15. Let a be j - (-2 - (-2)/(-2)). Determine o(a).
-4
Let s(f) be the third derivative of -13*f**5/30 + f**4/4 + 7*f**3/3 - 21*f**2. Let d(j) = -9*j**2 + 2*j + 5. Let m(t) = 17*d(t) - 6*s(t). What is m(2)?
9
Let a(s) = 4*s**2 - 1. Suppose -11 = -3*w + 4. Let d(y) = -39 + 20 - 2*y + y + 25. Let b be d(w). Give a(b).
3
Let x(z) = 6*z**2 - 2*z + 1. Suppose 2*y + 4 = -20. Let a be ((-84)/(-8))/7*(-8)/y. Calculate x(a).
5
Let l(q) be the first derivative of -7*q**3/3 + q**2 + 2*q - 62. Calculate l(2).
-22
Let g(s) = 11*s**3 - s**2 - s - 1. Suppose -5*w + 13 + 11 = f, -5*f = 4*w - 57. Suppose 3*h = 12*h + f. Give g(h).
-12
Let l(k) = 4*k**3 - 3*k**2 - 18*k + 2. Let m(d) = -3*d**3 + 2*d**2 + 13*d - 1. Let h(a) = -5*l(a) - 7*m(a). What is h(2)?
7
Suppose 5*o - 54 = -4*i, -12 + 59 = 5*i - 4*o. Suppose 0 = 4*l, -4*l - 14 = -h - i. Let x(y) = -4*y. Give x(h).
-12
Let g(w) = w - 5. Let m be g(7). Let i(j) = 1 + j**2 + 0 + 2*j**2 - 2*j**m + j. Let l be 0*((-6)/4)/(-3). Determine i(l).
1
Suppose 0 = -5*s - 3*l + 35, -7*l + 25 = -2*l. Let o(k) be the first derivative of -2 - 4*k + 1 + s*k**2 + 5*k - 5*k**2. Give o(-3).
7
Let f(o) = o**2 + 8*o + 5. Let j = 3 + 33. Let t = j - 21. Suppose -2*g + z = 11, 0 = 3*g + 4*z - t + 37. What is f(g)?
-7
Let v(j) = 5*j**3 - j**2 - j. Suppose -3*f + 5*f = 10. Suppose -f = 5*b - 0. Let y be v(b). Let k(g) = -2*g - 2. Determine k(y).
8
Let w = -2 + 2. Let r(y) = 133*y - 3*y**2 - 2*y**2 - 132*y + 10*y**2 - 4*y**2 - 1. Give r(w).
-1
Let z(j) be the second derivative of -11*j**5/20 + j**3/6 + 39*j. Suppose -3 = 5*r + 2. Determine z(r).
10
Let n(v) = 2*v - 16. Let m be (3*2)/(4 - (-13)/(-4)). Let q be n(m). Let d(y) be the third derivative of y**5/60 + 5*y**3/3 + y**2. What is d(q)?
10
Let m(j) = j**2 - 6*j - 5. Let w be m(7). Let h(n) = 5 + 4*n - n**w - 6*n + 1. What is h(-5)?
-9
Let a(q) = -q**3 - 5*q**2 - 10*q - 2. Let y(l) = 4*l**3 + 19*l**2 + 41*l + 7. Let u(k) = 9*a(k) + 2*y(k). Let o be -10*4/(-24)*-3. Give u(o).
-14
Let z(w) = -w**3 + 5*w**2 - w - 3. Suppose q = 4*q - 48. Let g be (-98)/q + 14/112. Let k be 0 + 2/(-4)*g. What is z(k)?
12
Let g(r) = 15*r**2. Let m(j) = -17*j**2 - j. Let b(x) = -3*g(x) - 2*m(x). What is b(2)?
-40
Let y(m) be the second derivative of 19*m**5/20 - m**4/6 + m**3/6 + 3*m + 7. What is y(1)?
18
Let z = 49 + -43. Let q(a) be the third derivative of a**5/60 - a**4/4 + a**3/3 - 2*a**2. Calculate q(z).
2
Let f(q) = 15 - 5*q**2 + 8*q - 2 - 6*q + 3*q. Let n(r) = -r**2 + r + 3. Let y(s) = 2*f(s) - 9*n(s). What is y(2)?
-3
Let r(j) = -2*j**2 - 8*j + 5. Let c be r(-5). Let d(h) = -h**2 - 6*h - 3. Let m be d(c). Let l(q) = 108*q**2 - q + q**3 - 53*q**2 - 61*q**m - 3. What is l(6)?
-9
Let g(f) = -f**2 - 11*f - 5. Let p(z) = 2*z**2 + 12*z + 9. Let d(w) = 4*g(w) + 3*p(w). What is d(4)?
7
Let x(h) = -h - 1. Let y(k) be the third derivative of k**4/12 + k**3/6 - 17*k**2. Let i(p) = -3*x(p) - y(p). Calculate i(-3).
-1
Let i(h) be the second derivative of -h**4/6 + h**3/3 - h. Suppose 0 = -2*m - m + 3. Let p be (m + 0)*(-1 + 0)*-2. Determine i(p).
-4
Let g(y) = 3*y - 4*y**2 + 7*y**2 - 4*y**2 + 4. Let n be g(2). Let j(w) = -w**2 + 7*w + 3. Calculate j(n).
9
Let f be (1/(-2))/(9/90). Let p(q) = q**3 + 6*q**2 + 4*q + 7. Give p(f).
12
Let x be -1 - -2 - (-1 - -4). Let s(y) be the first derivative of -y**4/4 - 2*y**3/3 + 2*y**2 + 3*y - 1950. Determine s(x).
-5
Let w(n) be the third derivative of -n**7/2520 - n**6/90 + 3*n**5/40 + n**4/4 + n**3/3 - 3*n**2. Let l(r) be the second derivative of w(r). Calculate l(-9).
0
Let s(z) = -6*z**2 + 16*z**2 + 5*z - 2 + 0 - 9*z**2. What is s(3)?
22
Let v(u) be the third derivative of u**4/24 - 5*u**3/6 + 2*u**2. Suppose -2*w + 6 = -w. Let q be v(w). Let n(i) = 4*i**2 - 1. Give n(q).
3
Let x(v) = 75 - 2*v + 37 - 3*v**2 - 111. Determine x(-2).
-7
Let n(t) = -2*t - 2. Let z(d) = 9*d + 12. Let s(v) = 3*n(v) + z(v). Calculate s(-2).
0
Let y(a) be the third derivative of -a**4/24 + a**3/2 + 69*a**2. What is y(-3)?
6
Let f be (-24 + 19 - 3*-1) + -7. Let l(j) = j + 5. Determine l(f).
-4
Let i(q) = q**3 + 7*q**2 + 2*q + 17. Let h be i(-7). Let o(v) = 27*v**2 - 61*v**2 - 